 prime number?
True
Is 17939071 a composite number?
False
Is 3370615 a prime number?
False
Is 21690649 a composite number?
True
Is 11872267 composite?
True
Is 1145129 a composite number?
False
Is 2042779 composite?
True
Is 2329829 composite?
True
Is 3844613 prime?
True
Is 2270201 composite?
False
Is 62389837 a composite number?
False
Is 4893661 a prime number?
False
Is 2001773 composite?
True
Is 28441379 a prime number?
True
Is 492643 a composite number?
True
Is 386677 composite?
False
Is 46895293 composite?
True
Is 9646003 prime?
True
Is 85300451 a prime number?
True
Is 193429693 prime?
True
Is 57981661 composite?
False
Is 3328121 a composite number?
False
Is 17956651 a composite number?
True
Is 55995241 prime?
False
Is 3455061 composite?
True
Is 11475403 prime?
False
Is 5741261 prime?
True
Is 64259029 prime?
False
Is 787979 a prime number?
False
Is 4260167 prime?
True
Is 22769059 a composite number?
True
Is 30440843 a composite number?
False
Is 1350059 prime?
True
Is 698171 composite?
False
Is 7684619 composite?
False
Is 21165409 composite?
False
Is 6804209 a composite number?
False
Is 5782633 prime?
False
Is 6212747 a composite number?
False
Is 1515709 composite?
True
Is 313906051 a prime number?
True
Is 1901927 composite?
True
Is 14897591 a composite number?
False
Is 541900093 composite?
True
Is 14159629 composite?
True
Is 762283 composite?
True
Is 528247 a prime number?
True
Is 24223 composite?
False
Is 98367439 prime?
True
Is 28596949 a prime number?
True
Is 10433615 composite?
True
Is 9103971 prime?
False
Is 177800269 a prime number?
False
Is 3353729 prime?
True
Is 6380851 a prime number?
False
Is 11413187 a composite number?
False
Is 59419049 a composite number?
False
Is 1024441 prime?
False
Is 16037167 composite?
True
Is 28101149 prime?
True
Is 822434281 prime?
True
Is 5605211 a prime number?
False
Is 1108603 prime?
True
Is 118049903 composite?
False
Is 17386799 prime?
True
Is 85390751 a prime number?
False
Is 1540207 a prime number?
True
Is 23482894 composite?
True
Is 13167771 a composite number?
True
Is 21752119 prime?
False
Is 5411397 composite?
True
Is 7101893 composite?
False
Is 47345555 prime?
False
Is 1014347 a prime number?
False
Is 1493867 prime?
True
Is 24300767 a composite number?
True
Is 9424027 a composite number?
False
Is 1079193719 a composite number?
False
Is 1981277 prime?
True
Is 353113 a prime number?
False
Is 242435627 a prime number?
False
Is 11043421 prime?
False
Is 99727889 a composite number?
False
Is 1646101 a prime number?
True
Is 149226157 a prime number?
False
Is 55199047 a composite number?
True
Is 38245 a composite number?
True
Is 3218153 a composite number?
False
Is 18225499 a composite number?
True
Is 2505043 a composite number?
False
Is 6307859 a prime number?
False
Is 57764651 a prime number?
False
Is 13692767 composite?
True
Is 87499 a prime number?
False
Is 425344909 a prime number?
False
Is 489229 prime?
False
Is 95875693 a composite number?
False
Is 72164671 composite?
True
Is 16249507 prime?
False
Is 66946079 a composite number?
False
Is 238897 composite?
False
Is 963211 prime?
True
Is 662771 a prime number?
True
Is 462060831 composite?
True
Is 15790517 a prime number?
True
Is 10185869 composite?
False
Is 45891901 prime?
False
Is 10862227 a composite number?
True
Is 38575283 a prime number?
True
Is 4619333 a composite number?
False
Is 389958463 a prime number?
True
Is 21931507 a composite number?
True
Is 25163137 composite?
False
Is 775417913 prime?
False
Is 479629 a composite number?
False
Is 3500477 a composite number?
False
Is 50768461 a prime number?
False
Is 92532215 composite?
True
Is 37528685 a prime number?
False
Is 6222115 a composite number?
True
Is 82263021 a prime number?
False
Is 56498063 composite?
False
Is 12752755 a prime number?
False
Is 4010339 composite?
False
Is 9799 a prime number?
False
Is 105848143 a prime number?
True
Is 26386303 a composite number?
False
Is 7127713 a composite number?
True
Is 6138239 composite?
False
Is 46938121 composite?
True
Is 690992869 a prime number?
False
Is 21416867 prime?
True
Is 522059 a composite number?
False
Is 95002163 composite?
False
Is 125729137 a composite number?
True
Is 67166373 composite?
True
Is 765763 prime?
True
Is 1706587 a composite number?
True
Is 23739091 composite?
True
Is 54398899 composite?
False
Is 189901 composite?
False
Is 72669409 a prime number?
True
Is 566987 a composite number?
False
Is 13630489 a prime number?
False
Is 6527903 composite?
True
Is 1373689199 a prime number?
False
Is 195947417 prime?
False
Is 303349549 prime?
False
Is 68088481 composite?
False
Is 454382977 a prime number?
False
Is 78477878 prime?
False
Is 40277323 a prime number?
True
Is 587777 a composite number?
True
Is 6007927 composite?
False
Is 1498949 a composite number?
True
Is 83434217 a composite number?
False
Is 3414677 composite?
True
Is 53015863 a composite number?
False
Is 2934887 composite?
True
Is 3983377 composite?
False
Is 1289437 a composite number?
True
Is 37083827 a prime number?
False
Is 13982327 a composite number?
False
Is 291083219 a prime number?
False
Is 6044803 prime?
False
Is 347300687 composite?
True
Is 146998277 a composite number?
False
Is 36167702 a prime number?
False
Is 31842949 a prime number?
False
Is 4952113 a composite number?
False
Is 300009287 a prime number?
False
Is 27410731 a prime number?
True
Is 2145874213 a prime number?
False
Is 70182587 composite?
False
Is 5166053 a prime number?
False
Is 11947961 prime?
True
Is 8521171 prime?
True
Is 19309 a prime number?
True
Is 130444837 a prime number?
True
Is 61297679 prime?
True
Is 250320821 a prime number?
True
Is 1217441 a composite number?
True
Is 7018259 composite?
False
Is 36845 composite?
True
Is 166517 a prime number?
False
Is 8084917 prime?
True
Is 96519013 prime?
False
Is 1711037 composite?
True
Is 78630391 a composite number?
True
Is 85069 prime?
False
Is 26346431 a composite number?
True
Is 23950903 a prime number?
True
Is 14139029 a prime number?
True
Is 19954759 composite?
True
Is 2828681 composite?
True
Is 172390661 prime?
True
Is 383370965 composite?
True
Is 35788897 a prime number?
False
Is 8533169 prime?
True
Is 10226207 a prime number?
False
Is 381113 a composite number?
True
Is 4616081 a composite number?
True
Is 1357753 composite?
False
Is 191910239 a prime number?
True
Is 92597581 composite?
True
Is 1347797 composite?
True
Is 221363881 a prime number?
False
Is 2688419 a composite number?
False
Is 237428419 a composite number?
False
Is 163745 a composite number?
True
Is 2060287481 composite?
True
Is 3151949 a prime number?
False
Is 2171003 a composite number?
False
Is 7142971 a composite number?
True
Is 17202359 a prime number?
True
Is 70666287 a prime number?
False
Is 154856969 composite?
True
Is 1765217 a composite number?
True
Is 5267347 a prime number?
False
Is 13318843 prime?
True
Is 272630087 a composite number?
False
Is 6354703 a prime number?
True
Is 81277415 a composite number?
True
Is 14181295 a composite number?
True
Is 41137703 composite?
False
Is 2962321 a prime number?
False
Is 6562393 a composite number?
True
Is 3944309 a prime number?
True
Is 61723091 a prime number?
True
Is 232358563 a prime number?
True
Is 7946413 a composite number?
True
Is 899989 a prime number?
False
Is 88721 a prime number?
True
Is 68698703 composite?
False
Is 81254053 prime?
True
Is 6395149 a composite number?
True
Is 1071883 a composite number?
True
Is 804203 a prime number?
True
Is 1171591 a composite number?
False
Is 14679794 composite?
True
Is 110979983 composite?
True
Is 372397 prime?
True
Is 110699 a composite number?
True
Is 5162719 a prime number?
True
Is 1278511 composite?
True
Is 99261493 a composite number?
False
Is 30057583 a prime number?
False
Is 1234771 prime?
False
Is 47274131 a prime number?
False
Is 2999677 composite?
False
Is 169728973 a prime number?
True
Is 8873455 prime?
False
Is 795329603 a composite number?
True
Is 19207963 composite?
True
Is 179837893 composite?
False
Is 32427763 prime?
False
Is 20097809 a prime number?
True
Is 18900001 composite?
True
Is 285365342 prime?
False
Is 7195667 composite?
False
Is 501445151 prime?
True
Is 810161 a prime number?
False
Is 9030454 a composite number?
True
Is 2514277 a composite number?
F